
What is the remainder when 5091 is divided by 1270?
11
Calculate the remainder when 104706 is divided by 167.
164
What is the remainder when 1008931 is divided by 51?
49
Calculate the remainder when 282 is divided by 138.
6
Calculate the remainder when 75867 is divided by 18.
15
Calculate the remainder when 3364 is divided by 153.
151
Calculate the remainder when 864274 is divided by 955.
954
What is the remainder when 672976 is divided by 303?
13
What is the remainder when 30418 is divided by 6?
4
Calculate the remainder when 10466 is divided by 866.
74
Calculate the remainder when 20796 is divided by 20788.
8
What is the remainder when 217596 is divided by 420?
36
What is the remainder when 3731 is divided by 501?
224
What is the remainder when 6652029 is divided by 265?
264
Calculate the remainder when 292711 is divided by 1774.
1
Calculate the remainder when 5572 is divided by 20.
12
Calculate the remainder when 316837 is divided by 135.
127
What is the remainder when 1930 is divided by 160?
10
Calculate the remainder when 18384 is divided by 58.
56
Calculate the remainder when 19752 is divided by 49.
5
What is the remainder when 794580 is divided by 183?
177
What is the remainder when 1669 is divided by 138?
13
Calculate the remainder when 147249 is divided by 441.
396
What is the remainder when 16734 is divided by 2751?
228
Calculate the remainder when 13044 is divided by 90.
84
What is the remainder when 5979 is divided by 15?
9
What is the remainder when 14258 is divided by 66?
2
Calculate the remainder when 75394 is divided by 89.
11
Calculate the remainder when 37327 is divided by 118.
39
What is the remainder when 687 is divided by 30?
27
What is the remainder when 35420 is divided by 60?
20
Calculate the remainder when 48558 is divided by 15.
3
Calculate the remainder when 9295 is divided by 30.
25
Calculate the remainder when 17903 is divided by 281.
200
Calculate the remainder when 23580 is divided by 737.
733
Calculate the remainder when 124498 is divided by 300.
298
Calculate the remainder when 677491 is divided by 367.
9
What is the remainder when 3255945 is divided by 13344?
9
Calculate the remainder when 24719 is divided by 22.
13
What is the remainder when 117945 is divided by 39312?
9
Calculate the remainder when 9803 is divided by 1224.
11
Calculate the remainder when 2488 is divided by 2007.
481
Calculate the remainder when 8272 is divided by 188.
0
What is the remainder when 85969 is divided by 103?
67
Calculate the remainder when 7748 is divided by 236.
196
What is the remainder when 1400 is divided by 696?
8
What is the remainder when 2458 is divided by 473?
93
Calculate the remainder when 247651 is divided by 82550.
1
Calculate the remainder when 5151297 is divided by 150.
147
What is the remainder when 773012 is divided by 19?
16
What is the remainder when 158175 is divided by 52699?
78
Calculate the remainder when 1640 is divided by 1634.
6
Calculate the remainder when 3657 is divided by 602.
45
What is the remainder when 199649 is divided by 49912?
1
Calculate the remainder when 3612 is divided by 101.
77
Calculate the remainder when 11798 is divided by 1954.
74
What is the remainder when 25408 is divided by 408?
112
What is the remainder when 43977 is divided by 1518?
1473
What is the remainder when 1030938 is divided by 13?
12
What is the remainder when 2862 is divided by 28?
6
What is the remainder when 825016 is divided by 830?
826
Calculate the remainder when 1637 is divided by 400.
37
Calculate the remainder when 2997 is divided by 166.
9
Calculate the remainder when 391887 is divided by 11.
1
Calculate the remainder when 16073 is divided by 99.
35
Calculate the remainder when 264765 is divided by 16.
13
Calculate the remainder when 7512 is divided by 153.
15
What is the remainder when 518824 is divided by 518805?
19
Calculate the remainder when 6910 is divided by 72.
70
What is the remainder when 188948 is divided by 452?
12
Calculate the remainder when 1206 is divided by 124.
90
Calculate the remainder when 139730 is divided by 46563.
41
Calculate the remainder when 113758 is divided by 12.
10
What is the remainder when 1052015 is divided by 8?
7
Calculate the remainder when 2760 is divided by 915.
15
What is the remainder when 21007 is divided by 51?
46
What is the remainder when 6332 is divided by 352?
348
What is the remainder when 44619 is divided by 115?
114
What is the remainder when 14763 is divided by 71?
66
What is the remainder when 308840 is divided by 33?
26
Calculate the remainder when 26291 is divided by 2624.
51
What is the remainder when 28435 is divided by 4059?
22
Calculate the remainder when 16789 is divided by 365.
364
What is the remainder when 3918 is divided by 4?
2
What is the remainder when 27329 is divided by 40?
9
Calculate the remainder when 67870 is divided by 672.
670
Calculate the remainder when 11561 is divided by 31.
29
Calculate the remainder when 621 is divided by 132.
93
Calculate the remainder when 41512 is divided by 2467.
2040
What is the remainder when 311719 is divided by 3?
1
Calculate the remainder when 156 is divided by 84.
72
Calculate the remainder when 49481 is divided by 278.
275
Calculate the remainder when 16537 is divided by 8265.
7
What is the remainder when 1331 is divided by 11?
0
What is the remainder when 191974 is divided by 421?
419
Calculate the remainder when 3319 is divided by 381.
271
Calculate the remainder when 7000 is divided by 288.
88
Calculate the remainder when 593211 is divided by 197729.
24
What is the remainder when 5520 is divided by 331?
224
What is the remainder when 2698 is divided by 1058?
582
Calculate the remainder when 28948 is divided by 50.
48
Calculate the remainder when 13803 is divided by 29.
28
Calculate the remainder when 381168 is divided by 37.
31
Calculate the remainder when 122997 is divided by 100.
97
Calculate the remainder when 413 is divided by 191.
31
Calculate the remainder when 5889999 is divided by 190.
189
What is the remainder when 1862 is divided by 1517?
345
Calculate the remainder when 26029 is divided by 169.
3
Calculate the remainder when 2026 is divided by 12.
10
Calculate the remainder when 788 is divided by 362.
64
Calculate the remainder when 64094 is divided by 1051.
1034
What is the remainder when 69956 is divided by 24?
20
What is the remainder when 14248 is divided by 644?
80
What is the remainder when 2076 is divided by 930?
216
Calculate the remainder when 7889 is divided by 1801.
685
Calculate the remainder when 45307 is divided by 148.
19
What is the remainder when 9794 is divided by 316?
314
What is the remainder when 582216 is divided by 26?
24
Calculate the remainder when 503326 is divided by 321.
319
Calculate the remainder when 218643 is divided by 143.
139
Calculate the remainder when 1162 is divided by 208.
122
Calculate the remainder when 5259102 is divided by 149.
147
What is the remainder when 112052 is divided by 179?
177
Calculate the remainder when 40809 is divided by 5792.
265
What is the remainder when 411141 is divided by 121?
104
Calculate the remainder when 8180 is divided by 2716.
32
What is the remainder when 31685 is divided by 526?
125
What is the remainder when 713949 is divided by 37?
34
Calculate the remainder when 183078 is divided by 10171.
0
Calculate the remainder when 20884 is divided by 211.
206
What is the remainder when 24649 is divided by 404?
5
What is the remainder when 25915 is divided by 26?
19
Calculate the remainder when 3931 is divided by 160.
91
Calculate the remainder when 10904 is divided by 904.
56
What is the remainder when 881 is divided by 159?
86
Calculate the remainder when 3273 is divided by 117.
114
What is the remainder when 172191 is divided by 33?
30
What is the remainder when 303191 is divided by 473?
471
What is the remainder when 16019 is divided by 1064?
59
Calculate the remainder when 17876 is divided by 1125.
1001
Calculate the remainder when 27723 is divided by 13768.
187
What is the remainder when 22970 is divided by 2787?
674
Calculate the remainder when 13864 is divided by 1401.
1255
What is the remainder when 1246071 is divided by 164?
163
Calculate the remainder when 68655 is divided by 5718.
39
Calculate the remainder